6238?
2, 145028119
List the prime factors of 782826401.
7, 1223, 13063
List the prime factors of 2012458.
2, 7, 31, 4637
What are the prime factors of 677380893?
3, 7, 163, 197891
List the prime factors of 115869221.
13, 79, 257, 439
What are the prime factors of 296554841?
11, 29, 929639
What are the prime factors of 32166816?
2, 3, 11, 83, 367
What are the prime factors of 1453075?
5, 13, 17, 263
What are the prime factors of 5680583532?
2, 3, 13, 1051, 11549
List the prime factors of 1483498141.
151, 617, 15923
List the prime factors of 300691029.
3, 23, 431, 10111
List the prime factors of 706712047.
67, 10547941
List the prime factors of 12108522.
2, 3, 17, 6983
What are the prime factors of 75498909?
3, 1861, 13523
What are the prime factors of 47799150?
2, 3, 5, 7, 45523
List the prime factors of 13684160.
2, 5, 7, 41, 149
What are the prime factors of 42359202?
2, 3, 659, 3571
List the prime factors of 631904480.
2, 5, 101, 39103
List the prime factors of 2102532546.
2, 3, 2269, 154439
List the prime factors of 4774434.
2, 3, 7, 19, 31, 193
List the prime factors of 26336401.
7, 13, 167, 1733
List the prime factors of 1196022341.
311, 829, 4639
List the prime factors of 77259460.
2, 5, 197, 19609
What are the prime factors of 453850497?
3, 79, 638327
List the prime factors of 524114755.
5, 101, 509, 2039
List the prime factors of 156094002.
2, 3, 73, 211, 563
What are the prime factors of 77096103?
3, 7, 73, 50291
List the prime factors of 72670325.
5, 7, 13, 17, 1879
What are the prime factors of 29535496?
2, 23, 43, 3733
List the prime factors of 160097866.
2, 41, 1952413
List the prime factors of 367576076.
2, 7, 353, 37189
List the prime factors of 194477273.
577, 337049
List the prime factors of 537067099.
37, 1931, 7517
What are the prime factors of 513386014?
2, 29, 2099, 4217
List the prime factors of 4943711738.
2, 7, 353122267
List the prime factors of 4690934.
2, 37, 63391
List the prime factors of 23406077.
761, 30757
List the prime factors of 13322808.
2, 3, 31, 47, 127
List the prime factors of 249289769.
249289769
List the prime factors of 372899135.
5, 7, 37, 199, 1447
What are the prime factors of 29354061?
3, 11, 29, 37, 829
What are the prime factors of 2142799686?
2, 3, 5813, 20479
List the prime factors of 1107712551.
3, 11, 43, 59, 101, 131
List the prime factors of 2002983896.
2, 2801, 89387
List the prime factors of 225978743.
89, 2539087
List the prime factors of 2504210694.
2, 3, 43, 9706243
List the prime factors of 2764059337.
13, 683, 311303
List the prime factors of 263674745.
5, 79, 667531
What are the prime factors of 530846848?
2, 7, 592463
What are the prime factors of 94278021?
3, 107, 293701
List the prime factors of 165166405.
5, 33033281
What are the prime factors of 79526837?
13, 19, 24767
What are the prime factors of 274379847?
3, 7, 17, 768571
What are the prime factors of 5095910021?
17, 299759413
List the prime factors of 1371799509.
3, 457266503
What are the prime factors of 42743311?
13, 252919
List the prime factors of 17300877.
3, 11, 524269
What are the prime factors of 62109075?
3, 5, 7, 17, 6959
List the prime factors of 973020627.
3, 197, 182933
What are the prime factors of 822325833?
3, 7, 19, 686989
List the prime factors of 187184946.
2, 3, 13, 2399807
List the prime factors of 69475838.
2, 17, 257, 7951
List the prime factors of 60918239.
60918239
What are the prime factors of 342239340?
2, 3, 5, 5703989
List the prime factors of 1127336093.
13, 179, 484459
List the prime factors of 2833220146.
2, 1416610073
What are the prime factors of 1003792597?
1003792597
List the prime factors of 1414026245.
5, 41, 6897689
What are the prime factors of 155254096?
2, 683, 14207
What are the prime factors of 73873579?
13, 151, 37633
List the prime factors of 18010113.
3, 11, 401, 1361
What are the prime factors of 2318494761?
3, 11, 23419139
List the prime factors of 113292.
2, 3, 1049
List the prime factors of 49687789.
47, 587, 1801
What are the prime factors of 296443380?
2, 3, 5, 269, 18367
What are the prime factors of 200814846?
2, 3, 17, 1968773
What are the prime factors of 157060057?
7, 11, 107, 1733
List the prime factors of 379376425.
5, 233, 65129
What are the prime factors of 87828460?
2, 5, 17, 258319
List the prime factors of 724150014.
2, 3, 7, 37, 43, 10837
What are the prime factors of 1572492001?
1572492001
What are the prime factors of 93458377?
167, 559631
List the prime factors of 230583652.
2, 13, 1093, 4057
What are the prime factors of 1045116114?
2, 3, 7, 347, 71711
List the prime factors of 106856921.
673, 158777
List the prime factors of 1328394221.
7, 11, 521, 33113
What are the prime factors of 3492564584?
2, 436570573
What are the prime factors of 49489343?
71, 697033
What are the prime factors of 4780344296?
2, 7, 13, 6566407
List the prime factors of 70750606.
2, 61, 307, 1889
What are the prime factors of 310967825?
5, 7, 17, 104527
What are the prime factors of 2247797453?
11, 29, 7046387
List the prime factors of 4601698299.
3, 11, 73, 599, 1063
List the prime factors of 23111205.
3, 5, 13, 23, 5153
List the prime factors of 15129112.
2, 47, 40237
What are the prime factors of 161708951?
161708951
What are the prime factors of 64204882?
2, 7, 97, 47279
List the prime factors of 2008693404.
2, 3, 73, 28309
What are the prime factors of 356410215?
3, 5, 7, 367, 3083
What are the prime factors of 175820107?
175820107
What are the prime factors of 11369537?
29, 392053
What are the prime factors of 742819172?
2, 193, 601, 1601
List the prime factors of 204159102.
2, 3, 7, 4860931
What are the prime factors of 969549365?
5, 223, 869551
What are the prime factors of 1330045786?
2, 743, 895051
What are the prime factors of 5180679066?
2, 3, 41, 21059671
What are the prime factors of 163045971?
3, 11, 41, 40169
List the prime factors of 2201502321.
3, 109, 389, 641
List the prime factors of 242257194.
2, 3, 1117, 12049
List the prime factors of 811499364.
2, 3, 13, 179, 3229
List the prime factors of 382413293.
382413293
List the prime factors of 729856368.
2, 3, 5068447
List the prime factors of 100929718.
2, 50464859
List the prime factors of 3398993644.
2, 41, 79, 262349
What are the prime factors of 46932796?
2, 11733199
What are the prime factors of 3761271882?
2, 3, 19, 53, 263
List the prime factors of 3034959857.
179, 16955083
List the prime factors of 268332913.
17, 15784289
List the prime factors of 1167399491.
67, 17423873
List the prime factors of 29276546.
2, 13, 37, 2341
List the prime factors of 5282141646.
2, 3, 31, 61, 465551
List the prime factors of 599441114.
2, 17, 139, 126839
List the prime factors of 132854545.
5, 26570909
List the prime factors of 314169620.
2, 5, 47, 283, 1181
What are the prime factors of 81315805?
5, 283, 57467
List the prime factors of 3593087719.
13, 276391363
List the prime factors of 618045208.
2, 11, 1063, 6607
List the prime factors of 37089741.
3, 13, 951019
List the prime factors of 283884033.
3, 101, 936911
List the prime factors of 86075613.
3, 13, 735689
List the prime factors of 341502691.
53, 6443447
What are the prime factors of 592942784?
2, 7, 1323533
What are the prime factors of 680279456?
2, 21258733
What are the prime factors of 5770486006?
2, 47, 149, 412001
What are the prime factors of 4478472644?
2, 47, 59, 403757
What are the prime factors of 145936101?
3, 48645367
List the prime factors of 621741921.
3, 19, 31, 351863
List the prime factors of 1578340037.
1578340037
List the prime factors of 3314729906.
2, 43, 241, 159931
List the prime factors of 47771490.
2, 3, 5, 13, 347, 353
List the prime factors of 623647053.
3, 599, 38561
List the prime factors of 7191580.
2, 5, 11, 97, 337
List the prime factors of 439704953.
439704953
What are the prime factors of 36132918?
2, 3, 31, 194263
List the prime factors of 6078882376.
2, 7, 15507353
List the prime factors of 505155809.
505155809
List the prime factors of 1729977632.
2, 83, 651347
List the prime factors of 50254200.
2, 3, 5, 27919
List the prime factors of 57716251.
57716251
List the prime factors of 2165489008.
2, 23, 255847
What are the prime factors of 750079055?
5, 11, 19, 29, 53, 467
What are the prime factors of 8366078?
2, 7, 597577
W